 - p**2 - 2*p + 3659. Suppose -3*h - h = -6*h. Is w(h) composite?
False
Suppose 0 = 4*x + 2*p - 4544, 2*x - 1206 = -5*p + 1050. Is x composite?
True
Let d = -6434 + 18091. Is d a composite number?
False
Suppose -8*m - 7 + 39 = 0. Suppose 21*w - 16711 = m*w. Is w a composite number?
False
Let h(a) = -1 - 33*a - 3*a**3 - 16*a - 8*a**2 + 33*a. Is h(-4) prime?
True
Suppose -114 + 518 = 4*v. Let y = 10 + v. Is y composite?
True
Let p be (-2 + 2)*3/6. Suppose -5*o + 0*o + 35 = p. Let f(n) = 9*n + 8. Is f(o) a prime number?
True
Let t = -86 + 154. Suppose 0 = x - 4*a - 17, 0 = -5*x - 5*a + a + 13. Suppose 56 = 5*j + 4*u - 18, -x*j + 2*u = -t. Is j a prime number?
False
Let j = 29 - 24. Suppose -16*o + 33297 = -j*o. Is o composite?
True
Let f = 8 + -3. Suppose -2*d + 5 = -f. Suppose 0 = -3*t, -g - 23 = -2*g + d*t. Is g composite?
False
Let l be ((-2)/3)/((-20)/(-90)). Let z be 316/(-8)*2 - l. Let d = -14 - z. Is d composite?
True
Suppose 15*c - 754117 = 2*c. Is c a composite number?
True
Suppose 5*x + 3*v = -0*v + 1739, 2*v - 1736 = -5*x. Suppose -2*i = 4*p - x, -p + 69 = 5*i - i. Is p prime?
True
Let d(q) = 2*q**2 - q + 13. Is d(8) prime?
False
Suppose 73869 = 3*c - b, 3*c + 4*b - 60038 - 13831 = 0. Is c a composite number?
False
Is (8/16 - 164517/(-6)) + -5 prime?
False
Let z be (20/10)/((-1)/(-2)). Suppose -4*w - n + 840 = 0, -z*w + 2*n + 1063 = w. Is w a prime number?
True
Is 19473/18 - (-22)/132 a prime number?
False
Let r(o) be the first derivative of -o**4/4 - o**3/3 - o**2/2 + 65*o + 6. Is r(0) composite?
True
Let t be 19 - (4 - (-4 - -6)). Let w = -23 + t. Is 28/w*471/(-2) prime?
False
Let i be 3 + (1 + 2)/3 - 1. Suppose i*h + 4*n = 5479, -4*h + 5*n - 3*n + 7320 = 0. Is h prime?
False
Suppose u + 7 = -3*r + 10, 0 = -u - 5*r + 11. Let d(i) = -i**3 - i**2 + 19*i - 30. Is d(u) a composite number?
True
Suppose 3*g = -2*g - 130. Let f = g + 433. Is f a prime number?
False
Suppose 0 = -o - 485 - 455. Let c = o + 1497. Is c a prime number?
True
Suppose 59*m - 51*m - 24 = 0. Is (-2)/((-11)/(-3) - m) + 206 composite?
True
Suppose -5*v = -6 - 19. Suppose 2206 = 2*l - 5*z, -v*z + 305 = -5*l + 5820. Is l a composite number?
False
Suppose -3*t = -7*t + 20. Suppose -h = 4*r + 3, 3*h = t*r + 7*h - 10. Is r + (-2 - 0) - -471 prime?
True
Let k(a) = 18*a**2 + 4*a + 4. Let b = 11 - 6. Let i(s) = 19*s**2 + 4*s + 3. Let z(q) = b*i(q) - 4*k(q). Is z(-2) a composite number?
False
Suppose -2*p - 3*o + 63 = 0, 18 - 70 = -3*p + 4*o. Let q = 389 - p. Is q composite?
True
Let p(s) = s**2 - 3*s + 4. Let u be p(3). Let a = u + -2. Suppose 0 = -3*i + 5*m + 374, 0 = a*i - 4*m - 98 - 148. Is i prime?
False
Let g be (0/(-7))/(-1 + 3 + 0). Suppose 4*k - 907 = 5*c, 3*k = -g*k - 3*c + 660. Is k composite?
False
Let w(r) = 5*r**3 + 75*r**2 - 48*r + 12. Let y(p) = p**3 + 19*p**2 - 12*p + 3. Let b(z) = -2*w(z) + 9*y(z). Is b(17) composite?
True
Suppose -4*g + 0*g = -5*z - 41, 5*g - 40 = 4*z. Let u(t) = t + 3. Let s be u(z). Let y(m) = 58*m**2 - 3*m - 1. Is y(s) a composite number?
True
Let p(i) = 15*i - 13. Suppose 16 = 2*c + 4*h, -4*c + 2*h = -9*c + 32. Is p(c) a prime number?
False
Let k = 1940 - 947. Suppose -2*t - 993 = -3*h, 5*h = 2*h - t + k. Is h a prime number?
True
Suppose 4*y - 4*i + 72 = 2*y, -3*i = -y - 38. Let h = y + 34. Suppose -1026 = -h*g + 1732. Is g a prime number?
False
Suppose -9 = -3*n, 2*n + 1176919 - 264020 = 5*f. Is f prime?
False
Let k be 1604*(2 + (-21)/12). Let b = k + -156. Suppose -45 = -i + u - 4*u, -5*u + b = 5*i. Is i a composite number?
True
Suppose 2*v = 5*g - 1205 + 4729, 4*g = -5*v + 8810. Is -2 - (2 - v) - 1/1 composite?
True
Let g(w) = -23*w + 8881. Is g(0) a composite number?
True
Suppose 2*y - 419 = 5*x, 1 + 0 = x. Suppose 15*c + y = 19*c. Is c prime?
True
Is 3*(-6 - (-6762)/18) prime?
True
Suppose 3*t = -p - t + 3, 0 = 4*p - 2*t - 30. Is p/((-710)/178 - -4) a composite number?
True
Let x(l) = 40*l**2 + 6*l + 5. Let f be (90/35)/((-2)/(-14)). Let v = 15 - f. Is x(v) a composite number?
False
Suppose -6*i - u + 191 = -3*i, -2*u = -4*i + 238. Suppose -7108 = i*d - 66*d. Is d a composite number?
False
Suppose -2*y = -5*y + 5*a + 613, 2*y = 3*a + 408. Is y a prime number?
False
Let y(a) = 40*a + 121. Is y(33) prime?
False
Is -2 - (-4 - -3) - 135450/(-63) a composite number?
True
Let j(w) = w**3 - 6*w**2 + 6*w - 2. Let a be j(5). Suppose -2*v + 2329 = 3*i, a*i - 2292 = 3*v - 5808. Is v a composite number?
True
Let y = -799 + -116. Let k = y + 1420. Is k a composite number?
True
Suppose -42 = -q + 5*w - 3*w, q - 42 = -4*w. Suppose 0 = -4*a - 9 - 19. Let t = a + q. Is t prime?
False
Let s(j) = -j**3 + 8*j + 1. Let k be s(6). Let l = -117 - k. Suppose 0 = o + q - l, o - 2*o + 3*q + 54 = 0. Is o a prime number?
False
Suppose -o = -3*a + 8 + 4, 0 = -4*a - 5*o + 35. Suppose 23 = -a*u - 7. Is (832/48)/((-4)/u) a prime number?
False
Let s be (2*57)/2 + 3. Suppose 11*l - 6*l = s. Suppose 0 = 11*b - l*b + 119. Is b prime?
False
Let j(f) = f**2 + 10*f - 6. Let p = -56 + 69. Is j(p) a composite number?
False
Let s be ((-6)/8)/(15/(-120)). Let h be (-2)/(s/(-1269)) + -1. Suppose -h = -15*b + 13*b. Is b composite?
False
Let r(d) = 1101*d - 30. Is r(11) a composite number?
True
Let y = 105 - 69. Let p(r) = 37*r + y*r + r**3 - 73*r + 382. Is p(0) a prime number?
False
Suppose 5*r + 4*p = r + 24, -1 = -p. Suppose -r*u + 2530 = -10*u. Is u/(-6) - 8/6 prime?
True
Let d = -1338 - -3775. Is d a prime number?
True
Let l = -6654 + 12415. Is l prime?
False
Let l be -3 - (2 - (0 - -5)). Suppose 1 = -5*c - b - 1, l = 4*b + 8. Suppose 3*o + 153 - 588 = c. Is o composite?
True
Suppose 4*k = -20, 2*d = 7*d - 2*k - 20. Suppose 192 = -d*n + 970. Is n a composite number?
False
Suppose -6*x + x = -25. Suppose -j = -3*n + 4*j + 733, 0 = -x*n - 4*j + 1271. Is n composite?
False
Let i(b) be the third derivative of 0 + 2*b**2 + 0*b + 1/3*b**4 - 11/6*b**3. Is i(11) a composite number?
True
Let a(f) be the third derivative of 19*f**5/20 - f**4/8 - 2*f**3/3 - 2*f**2. Let b(w) be the first derivative of a(w). Is b(4) a composite number?
True
Let m(j) = 154 - 170 + j + j. Let b be m(7). Is 1/(-2) - 615/b a prime number?
True
Let m be (-4)/(-16) - 8169/(-12). Let r = m + -374. Is r a prime number?
True
Suppose -2*p = -v + 3, -2*v + 0 + 3 = -p. Let r be -1 + v + 1*380. Suppose 4*i - r = -4*o, 3 = -5*i + 8. Is o prime?
False
Let y be 4*1 - 0/1. Suppose -3*g + 3709 - 1465 = 0. Suppose 0 = y*a - 888 - g. Is a a prime number?
True
Let s be 2137/2 + 27/(-18) + -1. Suppose -10*d + s = -8*d. Is d composite?
True
Let z(k) = 9*k**2 - 18*k + 1. Let u be z(21). Suppose -9*v - u = -17*v. Is v prime?
True
Suppose 5*d + 6*d - 55 = 0. Suppose 0 = 4*j + 2*a - 5454, j - d*a = 633 + 703. Is j prime?
True
Let b = 11 + -8. Let f(u) = 35*u - 4. Let i be f(b). Let g = 112 + i. Is g composite?
True
Let t(y) = -851*y + 2. Let m be t(-8). Suppose z - m = -5*z. Is z a composite number?
True
Let y(f) = 2*f**2 + 10*f + 1. Is y(16) composite?
False
Let p be ((-1422)/27)/((-2)/3). Let f(n) = -2*n**2 + 3*n + 3. Let j be f(4). Let g = p + j. Is g a prime number?
False
Let u = 6 - -9. Let c = -9 + u. Let t(z) = 27*z - 17. Is t(c) a prime number?
False
Let q be 16/(-48) - 32/(-6). Suppose 2*m = -m - 5*z + 2388, 5*m - q*z = 3940. Is m a composite number?
True
Let y = 63183 + -30076. Is y a prime number?
True
Suppose -2*d + 71855 = 3*d + 5*q, 3*q = 0. Is d composite?
True
Is ((-6)/(-3))/2 - -3388 prime?
True
Is 2/((-2)/7993)*(-4 - -1) a composite number?
True
Let g(v) = 20*v**2 - 30*v - 49. Is g(10) prime?
False
Let h = -1122 + 1575. Is h a composite number?
True
Suppose 3*q + 9871 = 2*j - 6417, 2*q = -4. Is j a composite number?
True
Let d(l) = 1 + 15*l + 1 + 1 - 1. Let q be (-3)/(-2) + 14/4. Is d(q) a composite number?
True
Let t(d) = 313*d + 30. Let l be t(-5). Let w = -432 - l. Is w prime?
True
Let u be 33/2 - 17/(-34). Suppose -4*r - 2*c + 14 = -0*r, 0 = 4*r + 5*c - u. Suppose r*o + 4*f = 613, o = -3*o - 5*f + 817. Is o composite?
True
Let u(j) = -j**2 - 6*j - 5. Let d be u(-4). Let z be (10/d)/(22/33). Suppose -z*g = -723 - 122. Is g prime?
False
Is (6/1)/6*15581 a composite number?
False
Let i be (5/(-4) + 2)*-12. Let a = 104 + -42. Is a*(-1 - i/6) a composite number?
False
Let m(q) = 2*q**2 - 31*q + 53. Suppose 